(-50)/(-8). What is the highest common factor of 8 and t?
2
Suppose s + 5 - 17 = 0. Let m be (18/s)/((-1)/(-8)). Calculate the highest common factor of 132 and m.
12
Let u be ((-2)/4)/(2/(-92)). Suppose 65 = 2*f - u. Suppose 2*k = -3*j + f, 2*j + 5*k = -0*k + 33. Calculate the highest common divisor of 2 and j.
2
Let r(m) = m**2 + 2*m + 3. Let d be r(-3). Calculate the highest common factor of 24 and d.
6
Let q be (70/(-42))/((-2)/12). What is the greatest common factor of q and 15?
5
Suppose 0 = -2*u + 6, -u + 2*u = -3*o + 33. Suppose 0 = 8*f - 5*f - 3. Suppose z = -4*h + o, -f = -z - h + 9. What is the highest common divisor of 40 and z?
10
Let h(y) = -5*y - 2. Let c be (1/(-1) + 4)*1. Let r be h(c). Let o be r/(5/(-2) - -2). Calculate the greatest common factor of 85 and o.
17
Let o = -19 - -35. Calculate the greatest common divisor of 32 and o.
16
Suppose 0 = -j - l + 14, 0 = 3*j - l - 4*l - 42. Calculate the greatest common factor of j and 126.
14
Let j be 25/2 + (-3)/6. Suppose 0 = -13*h + 15*h - 12. Calculate the greatest common factor of j and h.
6
Let i(y) = -y**3 + 5*y + 4. Let d be i(-3). Calculate the highest common factor of d and 1.
1
Let d(p) = -12*p - 6. Let s be d(-5). What is the greatest common divisor of s and 18?
18
Let g = -127 + 131. Calculate the greatest common divisor of g and 6.
2
Suppose 0 = -2*a - 11 + 27. What is the highest common divisor of 2 and a?
2
Let r = 1 - -19. What is the greatest common divisor of 10 and r?
10
Let d be 72/6 + (-3 - -2). What is the greatest common divisor of 11 and d?
11
Let s be -9*(2 + (-112)/12). Calculate the greatest common factor of s and 33.
33
Suppose 7 = 5*b - 3. Let j be 14*(1 - (-15)/(-6)). Let o = j + 25. What is the highest common factor of b and o?
2
Let s be (-2 + 12/9)*-60. Suppose u + 2*n = -3*u + 26, -n + 18 = 3*u. What is the highest common divisor of s and u?
5
Let j = 3 + 0. Let c(h) = -4*h + 2*h + j*h**3 - 2 + h. Let z be c(2). Calculate the highest common factor of 5 and z.
5
Suppose 11 = -2*f - 13. Let m be (f/5)/((-2)/115). Suppose -x + 57 = n + 4*n, 2*n = -2*x + m. Calculate the highest common divisor of x and 9.
9
Let c(b) = b**3 - b**2 + b. Let f(i) = -i**3 + 5*i**2 + i - 4. Let d be f(5). Let k be c(d). Calculate the greatest common divisor of k and 11.
1
Suppose -2*l + 1 = -1, -4*d + 4*l + 480 = 0. Let q = 3 - -1. Let h be -3 + (-2 + q - -12). Calculate the highest common factor of h and d.
11
Suppose -6*l + 9*l - 48 = 0. Let p = 76 - l. What is the highest common divisor of p and 40?
20
Suppose 1 = s, 5*s + 175 = -3*x + 8*x. Let j = 45 + -40. Suppose -j*n + 2*n + x = 0. What is the highest common divisor of n and 48?
12
Let z = 95 - 5. Calculate the greatest common divisor of z and 30.
30
Let a = -14 + 17. Calculate the highest common divisor of 24 and a.
3
Let p = 243 - 123. Let z = -27 + 42. What is the highest common factor of p and z?
15
Suppose 2*s + 5*i - 11 = s, -i - 33 = -2*s. Calculate the highest common factor of 80 and s.
16
Let y = -3 + 6. Suppose 18 = -2*i + y*i. What is the greatest common factor of 2 and i?
2
Let w be (-12)/18 + 28/(-3). Let c be -8*(w/(-4) - 2). Let n be (c - -1) + 2 - -17. Calculate the greatest common divisor of n and 40.
8
Let b(f) = -f**3 + 6*f**2 - 6*f. Let i be b(4). Suppose 0 = i*t - 3*t - 385. What is the greatest common divisor of 11 and t?
11
Suppose -5*l + 293 = 53. What is the highest common divisor of l and 240?
48
Let t = -7 - -7. Suppose -s + 2*s - 23 = -4*v, t = s - 3*v + 12. Let d be 214/10 + (-2)/5. Calculate the highest common factor of d and s.
3
Let g(c) = -c**2 - 4*c**3 - 8*c**3 - 27*c**3 + 5*c**3. Let h be g(-1). What is the highest common factor of h and 11?
11
Let m(w) = 6*w**2 - 5*w + 7. Let z be m(3). What is the highest common divisor of z and 23?
23
Suppose 0 = -0*b + 2*b - 4. Suppose 4*d - 80 = -b*f, f = -2*f + 5*d + 65. Calculate the greatest common factor of f and 15.
15
Let b = -4 + 8. Suppose -t + 2 = 0, b*q - 3*t = q + 36. Calculate the highest common divisor of q and 140.
14
Let v(p) = p**2 - 4*p - 10. Let c be v(6). Suppose -2*u + 10 = c*a, u = 3*u + 5*a - 19. Calculate the greatest common factor of 8 and u.
2
Let u = -5 + 25. Let q be ((-26)/6)/(4/(-24)). Suppose 14 = 4*b - q. Calculate the greatest common divisor of b and u.
10
Let j = -100 + 156. Suppose 24*t - j = 20*t. Let y = 48 - 20. What is the highest common divisor of y and t?
14
Let k(z) = -z**3 - 6*z**2 - 8*z - 5. Let i be k(-5). Suppose 0 = 2*v - 4. Suppose 2*d + d + 77 = 4*b, 2 = v*d. Calculate the highest common factor of b and i.
10
Let r(m) = m**2 - 5*m - 33. Let c be r(9). Let u be (-4)/18 - 490/(-18). What is the greatest common divisor of c and u?
3
Suppose 19 = -3*i + 451. Calculate the highest common factor of i and 16.
16
Suppose -5*b = 2*g - 10*b - 6, 0 = 4*g - 2*b - 44. Calculate the greatest common divisor of 65 and g.
13
Let l(z) = -z - 3. Let w be l(-6). Let d be (-6)/3 + w + 116. Calculate the highest common factor of d and 13.
13
Let z = -31 - -39. What is the highest common factor of 72 and z?
8
Let z(h) = h**3 + 5*h**2 - h - 5. Let c be z(-6). Let k = -18 - c. Suppose 0 = -6*p + 4*p + 34. Calculate the greatest common factor of k and p.
17
Suppose 2*x + 8 = -2, 3*x = 5*u - 40. Let k be (2 - 2/2)/1. Suppose -u*y + 5*p + 15 = 0, 4 = y - 3*p - k. Calculate the highest common factor of 5 and y.
1
Let m = 23 + -9. Suppose -2*i + m + 20 = 0. Suppose 12 = 4*c, -g + 32 = -0*g + 5*c. What is the greatest common factor of i and g?
17
Suppose -18 = -5*f + 37. Let o = 243 + -133. Calculate the greatest common divisor of o and f.
11
Suppose 5*j - 106 = -l - 0*l, 5*l = -j + 482. Calculate the greatest common factor of l and 12.
12
Let p = 6 + 19. Let y = -42 + 52. What is the greatest common divisor of y and p?
5
Let u(n) = 0*n + 8*n + 20*n**2 - 18*n**2 - 3 - 3*n. Let v be u(-7). Calculate the highest common factor of 12 and v.
12
Let g(n) = -n**3 - 3*n**2 + 3*n + 6. Let x be g(-4). What is the highest common divisor of 4 and x?
2
Let a(x) = -x**3 - 4*x**2 + x. Let t be a(-4). Let k = 14 - t. Let p(l) = 7*l + 3. Let v be p(6). Calculate the highest common divisor of k and v.
9
Let w be 9 + -1 + 11 + -8. What is the greatest common divisor of 44 and w?
11
Let r = -31 - -35. Calculate the greatest common factor of 32 and r.
4
Let s(t) = -t**3 - 4*t**2 - t - 1. Let w be s(-4). Let z be (-1)/(-4) + w/(-12). Suppose -2*q + z*q + 84 = 0. What is the greatest common divisor of q and 14?
14
Suppose -2*l = -3*z - 111, 6 + 115 = 2*l - 5*z. Suppose -4*t + 0*t + l = 0. What is the highest common divisor of 24 and t?
12
Let f(t) = 1 + 22*t + 4*t + 4 - 1. Let y be f(4). Calculate the greatest common factor of 12 and y.
12
Let k(g) = 47*g - 3. Let j be k(2). Let s(i) = i**3 + 14*i**2 + 24*i + 13. Let w be s(-12). What is the greatest common factor of j and w?
13
Suppose -2*g = -3*l + 23, 4*g - 15 = -2*l + 5*g. Calculate the highest common divisor of l and 56.
7
Let t be (-3)/(-6) - (-19)/2. Suppose -2*n - 2 + 12 = 0. Suppose 0 = 4*i + n*j - 360, -3*i - j + 270 = -3*j. What is the greatest common divisor of i and t?
10
Let f be ((-12)/(-2) + -5)/(2/10). Calculate the greatest common divisor of 35 and f.
5
Let p = 33 + -241. Let d be (3 + 1)/((-4)/p). What is the greatest common factor of 26 and d?
26
Let i(a) = -2*a - 5. Let t be i(-4). Suppose 0 = -t*g - 2*k + 31, 5*g - 4*k - 10 = k. What is the highest common divisor of g and 42?
7
Suppose 0 = -2*k - 2*k - 32. Let d = -16 - k. Let y = 0 - d. Calculate the greatest common divisor of y and 88.
8
Let j(d) = 2*d**2 - 14*d. Let u be j(11). Suppose 4*m - 6 = 26. What is the greatest common factor of m and u?
8
Let g = 2 + 3. Suppose 11 = x + 2*j, g = 5*x + j - 5. Let c(z) = 7*z**3 - z**2 + z - 1. Let y be c(x). What is the highest common divisor of 48 and y?
6
Let h be (-12)/3 - (0 - 0). Let j be 0/(h + (-2)/(-1)). Suppose 3*k - 147 = -3*f, j = -5*k + 2*f + 182 + 56. Calculate the greatest common divisor of 12 and k.
12
Suppose -180 = 5*g - 5*l, -76 = 2*g + g + 5*l. Let u = 59 + g. What is the greatest common factor of 9 and u?
9
Suppose -7*f + 3*f - 48 = 0. Let h be ((-18)/(-4))/((-2)/f). Calculate the greatest common factor of 18 and h.
9
Suppose -45 = -3*k - 2*k + 2*x, -45 = -5*k -